2112
What is -28a096 (base 11) in base 13?
-12b04b
What is 10331220022 (base 4) in base 5?
313113002
Convert 2330210303 (base 4) to base 2.
10111100100100110011
What is -e7584 (base 15) in base 13?
-1c8bc8
3013103 (base 4) to base 13
5a62
Convert 4410442 (base 9) to base 3.
11110100111102
Convert 310133 (base 9) to base 4.
230320023
What is -1111100110110011010 (base 2) in base 13?
-14b9c5
What is -523692 (base 12) in base 6?
-43404302
34a020 (base 13) to base 11
784262
Convert 34aab (base 12) to base 8.
212043
Convert -11000111100110011111111 (base 2) to base 6.
-352104143
Convert 1a8f47 (base 16) to base 9.
3242606
-22120002 (base 4) to base 3
-2011022000
Convert -45265501 (base 8) to base 2.
-100101010110101101000001
-217377 (base 9) to base 3
-20121102121
What is 1000222244 (base 6) in base 11?
5776610
25a78 (base 14) to base 6
1552442
2333440 (base 6) to base 7
1013526
Convert 12c13a (base 16) to base 10.
1229114
-1a094 (base 11) to base 6
-333514
121112011 (base 4) to base 9
167357
Convert -4023103 (base 5) to base 12.
-31161
What is -10735 (base 9) in base 14?
-2876
-13401132 (base 10) to base 3
-221012211220020
What is 14042421 (base 6) in base 3?
212222220211
Convert -2130023211 (base 4) to base 14.
-1291c1
Convert 362442 (base 8) to base 12.
5ba56
Convert 18855514 (base 9) to base 3.
122221212120111
Convert 1025bb2 (base 15) to base 8.
53723140
22002112202201 (base 3) to base 7
51364165
What is 83718 (base 15) in base 3?
210011122012
Convert 3240044 (base 10) to base 7.
36353123
What is 3b5ada (base 16) in base 4?
32311223122
Convert -369395 (base 10) to base 5.
-43310040
What is 7348 (base 11) in base 12?
5770
What is 54211010 (base 7) in base 16?
469124
300402 (base 6) to base 10
23474
What is -449937 (base 11) in base 8?
-2566144
What is 7708b (base 16) in base 10?
487563
651534 (base 8) to base 16
3535c
-131010030 (base 4) to base 11
-8149a
26c65 (base 16) to base 3
22001212021
315325511 (base 6) to base 7
65265016
1100011111010101111100 (base 2) to base 3
20011100020021
What is 528062 (base 11) in base 14?
180073
Convert -8b8b46 (base 12) to base 2.
-1000100001011101100110
What is 127482 (base 12) in base 15?
5ebee
Convert 11001000011100000101 (base 2) to base 8.
3103405
What is -110110102210 (base 3) in base 2?
-111011111000001110
10747 (base 14) to base 7
224120
Convert -79d184 (base 15) to base 12.
-1b4552a
-b93bd (base 16) to base 8
-2711675
What is -2313011233 (base 4) in base 2?
-10110111000101101111
Convert 1010121012 (base 3) to base 2.
101011100100011
23b0c (base 16) to base 3
21102112101
Convert -10131601 (base 7) to base 5.
-204120231
What is 7992a (base 16) in base 12?
20020a
What is -3a8f4 (base 16) in base 14?
-635ac
Convert -4833519 (base 10) to base 16.
-49c0ef
Convert 77b5d (base 14) to base 8.
1067067
Convert 1288282 (base 9) to base 15.
dec15
Convert -268376 (base 9) to base 10.
-163608
11211011011 (base 4) to base 2
101100101000101000101
What is -3c2da (base 15) in base 3?
-100210210021
568568 (base 10) to base 3
1001212221002
Convert 111211113231 (base 4) to base 15.
76b713
What is -10101110100101011 (base 2) in base 15?
-1b742
Convert -323330533 (base 6) to base 4.
-111333233121
Convert 11065141 (base 8) to base 12.
971115
Convert -224231223 (base 5) to base 4.
-3312022321
Convert -45488 (base 10) to base 5.
-2423423
Convert -884622 (base 9) to base 16.
-80fae
114205 (base 11) to base 8
542017
-1aa17 (base 15) to base 12
-42187
Convert 42667 (base 10) to base 4.
22122223
What is -16042443 (base 10) in base 11?
-9067a1a
Convert -150342 (base 13) to base 5.
-112432114
Convert -1000110000111010111 (base 2) to base 4.
-1012013113
Convert -2343967 (base 11) to base 2.
-1111100110100010001010
What is -484b (base 14) in base 2?
-11000101000011
What is 17622 (base 13) in base 11?
30883
2634051 (base 8) to base 3
1101100121100
What is -12266c (base 13) in base 8?
-1517371
-14411211 (base 5) to base 6
-3144351
-1232132 (base 5) to base 2
-101110111101010
Convert -186252 (base 9) to base 4.
-130112120
-a3a0a (base 15) to base 3
-222100102201
20202112121011 (base 3) to base 8
15551364
What is -110011220220020 (base 3) in base 13?
-1458a95
-343145251 (base 6) to base 15
-84a66d
Convert 1923a76 (base 13) to base 14.
11449d0
What is -101101100010100110001111 (base 2) in base 15?
-10ac396
What is -99d44 (base 14) in base 12?
-15ba74
What is 184881 (base 10) in base 5?
21404011
Convert 46883 (base 16) to base 4.
1012202003
What is 112411 (base 10) in base 3?
12201012101
-26aa6 (base 16) to base 7
-1226506
What is -56158 (base 9) in base 12?
-19715
95135 (base 12) to base 6
4104505
55676a (base 11) to base 5
211343434
Convert -10000201012002 (base 3) to base 13.
-444083
What is -3a99a0 (base 12) in base 5?
-222031244
Convert 1232001222 (base 4) to base 12.
198976
What is 7c7226 (base 16) in base 9?
16310443
Convert -a9905 (base 12) to base 8.
-665725
Convert 55848 (base 11) to base 9.
132846
Convert -23051331 (base 7) to base 15.
-29b4a0
Convert 301014 (base 6) to base 2.
101110000000010
-2b64a (base 13) to base 15
-19610
What is -48450 (base 9) in base 14?
-bb77
Convert -960b2 (base 15) to base 11.
-2a5726
What is -2144c5a (base 13) in base 12?
-3495a52
718ed (base 16) to base 9
778034
Convert 133024132 (base 5) to base 4.
2210132003
Convert -7713 (base 12) to base 9.
-18886
-955028 (base 11) to base 10
-1529349
What is 23142240 (base 5) in base 13?
74214
What is 12003221013 (base 4) in base 11?
994a1a
11010012100210 (base 3) to base 8
10262662
What is 155886 (base 13) in base 6?
15141413
-57b378 (base 14) to base 5
-1231121120
Convert -224445442 (base 6) to base 2.
-1111110011100010100010
What is 123320330 (base 4) in base 10?
114236
202446 (base 8) to base 11
46257
Convert 2505334 (base 10) to base 13.
699460
What is 11734d (base 14) in base 6?
20435425
Convert -5bdc99 (base 16) to base 9.
-12285205
8858606 (base 10) to base 2
100001110010101111101110
What is 3715f (base 16) in base 11?
14457a
10440224 (base 6) to base 3
121001220021
Convert -60849 (base 10) to base 7.
-342255
Convert -105550022 (base 6) to base 9.
-3614215
Convert 106002366 (base 7) to base 16.
62bf98
Convert -1503895 (base 10) to base 9.
-2741854
Convert 13d8060 (base 15) to base 4.
312300120231
Convert -7451137 (base 9) to base 16.
-3ce1ac
Convert -129458 (base 12) to base 14.
-7d9ac
What is -31132020 (base 6) in base 9?
-1618543
Convert -5976072 (base 11) to base 9.
-21537501
-101110100101101100110 (base 2) to base 11
-952a86
What is -47cdc (base 15) in base 13?
-8032b
Convert 100110111011101100010 (base 2) to base 7.
13562243
Convert -201012211211 (base 3) to base 7.
-3133510
What is 133123323201 (base 4) in base 7?
130021563
What is -103313331 (base 4) in base 9?
-133600
What is -22122011200 (base 3) in base 16?
-297ff
What is 539115 (base 10) in base 6?
15315523
What is -81308 (base 10) in base 12?
-3b078
-2a9496 (base 13) to base 12
-426b14
What is -e82c6 (base 15) in base 10?
-736386
-112121102221101 (base 3) to base 14
-1061538
37540 (base 9) to base 2
110001010001011
-1144311 (base 7) to base 9
-241633
What is -1012233 (base 4) in base 6?
-32543
430005330 (base 6) to base 2
11100110101100100110110
10f75c (base 16) to base 6
35455404
Convert -3300310 (base 4) to base 6.
-155204
1315734 (base 8) to base 12
158878
b5c59 (base 16) to base 14
155493
What is -4004220040 (base 5) in base 10?
-7882520
543052413 (base 6) to base 15
cad9dc
What is -100100001001101101001 (base 2) in base 6?
-41220201
Convert -1200212210221 (base 3) to base 4.
-3130132312
-163464 (base 11) to base 9
-425584
What is 3b86 (base 16) in base 12?
899a
-9e82c (base 16) to base 9
-1188550
330127 (base 11) to base 9
883186
-12212222022 (base 3) to base 7
-661610
What is -63c946 (base 13) in base 6?
-122103424
What is 7d2d42 (base 14) in base 3?
22001001110020
Convert 201211242 (base 5) to base 14.
16cdab
Convert 47b4ad (base 15) to base 9.
6407141
Convert -87136b (base 13) to base 16.
-306ac8
c920b (base 13) to base 7
3040612
What is 476b64 (base 13) in base 16?
19f17e
Convert -152535 (base 9) to base 14.
-26245
Convert -480952 (base 10) to base 2.
-1110101011010111000
11010100000100101 (base 2) to base 16
1a825
What is 127662 (base 11) in base 3?
101011221212
Convert 38c748b